Is m(n) composite?
False
Let y(t) = 15*t**2 - 20*t - 33. Let c(j) = 7*j**2 - 10*j - 16. Let o(i) = -13*c(i) + 6*y(i). Is o(10) prime?
False
Let u(s) = -10*s + 3. Let j(d) = -161*d + 49. Let c(v) = 3*j(v) - 49*u(v). Let f be c(2). Let k = f - 7. Is k prime?
True
Let r(d) = 4*d**3 + 6*d**2 - d - 3. Let t be r(5). Suppose -2*f = 4*q - 650, -172 = -5*q - f + t. Is q a composite number?
False
Let p be 6/(-12) + (-34)/(-4). Let t = 6 - p. Let u(g) = -80*g + 1. Is u(t) composite?
True
Let o(p) = -p**2 + p. Let g(f) = 8*f**2 - 6*f - 1. Let q(l) = g(l) + 3*o(l). Let x(r) be the first derivative of q(r). Is x(4) a composite number?
False
Suppose 3*b - 2 = 4*b. Let v be (-28)/8 - (-1)/b. Let o(j) = j**3 + 3*j**2 - 4*j + 3. Is o(v) composite?
False
Let p be (-14 - -15)/(2/(-22)). Let u(s) be the second derivative of -s**3/2 + 2*s**2 + s. Is u(p) composite?
False
Let v = -8 - -28. Suppose 5*w - v = w. Suppose -3*b - o + 3*o = -171, -w*o + 74 = b. Is b prime?
True
Let r(h) = 23*h**2 - 3*h - 1. Let u be (8/(-12))/(1/3). Is r(u) prime?
True
Let u = -8 + 5. Is u - -30 - 3/3 a prime number?
False
Let r = 5 + -3. Let o = r + 67. Is o a composite number?
True
Let p(f) = -f**2 - 3*f. Let g be p(-3). Suppose y - 319 - 46 = g. Is y a prime number?
False
Let x = -2 + 0. Let j(p) = 0*p**2 - 2*p - 1 + 0 - 2*p**2 - 6*p**3 + 3*p**2. Is j(x) prime?
False
Let w(a) = -20*a**2 + 2*a - 4. Let q be w(4). Let r = 174 + q. Is r/(-2)*(-1 + 4) prime?
False
Suppose 5*m - m - 176 = 0. Let f be (5/10)/((-1)/(-130)). Let b = f - m. Is b a prime number?
False
Let h = -1603 + 2652. Is h a composite number?
False
Let r(d) = d - 1. Let v be r(6). Is v - 3 - 72/(-3) prime?
False
Let k(a) = 10*a + 1. Is k(12) a composite number?
True
Is (90311/(-39))/((-2)/(-3) - 1) composite?
False
Let x(i) = -i**3 + i**2 - i + 2. Let q be x(0). Suppose -4*w + 106 = -q*w. Is w prime?
True
Let m(w) = -57*w**2 - w - 3. Let a be m(2). Let t = -42 - a. Is t a composite number?
False
Suppose -3*n + 248 + 1207 = 0. Let a = n - 342. Is a composite?
True
Let d(p) be the third derivative of -p**2 + 0 + 1/15*p**5 + 1/6*p**3 + 1/12*p**4 + 0*p. Is d(-3) a prime number?
True
Let r be (-2)/(-3)*474/4. Let a be 2 + 0/(2/2). Suppose -5*f + r = -q, -f = a*q - 0*q - 7. Is f a composite number?
True
Let k be ((-14)/(-35))/((-1)/(-5)). Suppose -t + k*t = 26. Is t a prime number?
False
Let h = 723 - 166. Is h a composite number?
False
Suppose 5*b = 865 + 470. Let m = b - 82. Is m a prime number?
False
Let i(p) = -19*p - 7. Let b be i(-6). Suppose 2*j - 3*r = b, -4*r - 17 + 296 = 5*j. Is j a composite number?
True
Let s be ((-3)/(-3))/(-1) - -2. Is 29/(-2)*(-10)/s a prime number?
False
Suppose -25 = 3*m - 262. Is m prime?
True
Let b be 228/(-5) - 2/5. Suppose -5*g + 143 = -5*y - 287, -5*y + 193 = 2*g. Let z = b + g. Is z a composite number?
False
Suppose -4*q + q = -4*j - 49, -q = -4*j - 59. Let t = j - -79. Suppose 0 = 3*o - 3*v - 102, -4*o + t = 5*v - 46. Is o prime?
True
Let s(h) = -h**3 + 5*h**2 + h - 3. Let o be s(5). Suppose -o = d - 6. Let q(x) = 14*x - 1. Is q(d) prime?
False
Suppose -4*p = 3*j - 469, 5*p - 237 = -5*j + 553. Is j composite?
False
Let x be (626/(-8))/((-3)/(-12)). Let c = 608 + x. Is c prime?
False
Let q(z) = -91*z - 14. Is q(-3) composite?
True
Let r be (2/(-4))/((-1)/(-4)). Is 1 - 4/(r*2) a prime number?
True
Let b(n) be the third derivative of n**6/24 + 7*n**5/60 - 5*n**4/12 - 7*n**3/6 - n**2. Is b(5) composite?
False
Is (2 - 4) + 0 - -239 composite?
True
Suppose 4*a = -0*a. Suppose -4*w - 6 = -3*x + 8, -x + 5*w + 1 = a. Let g = 61 - x. Is g a prime number?
False
Suppose 3*f = 1669 + 5618. Is f a prime number?
False
Suppose 4*k + 25 - 254 = -3*v, -259 = -3*v + 2*k. Is v composite?
False
Suppose 4*j + 16 = j + 4*n, -2*j + 3*n - 12 = 0. Let v be 2/(2/5 + j). Suppose 0 = -3*b + 4*t + 429, -v*t + t = b - 143. Is b a prime number?
False
Let o = -160 + 245. Suppose -p - 2*n + 0*n = -o, -346 = -4*p - 5*n. Is p composite?
False
Suppose 2*m = 3*l - 5, 3*l - 19 = -3*m - 2*m. Let g(v) = -47*v**3 + 32*v**3 + 2*v**m - 49*v**3 - 1. Is g(-1) a prime number?
False
Let p = 457 + 4704. Is p a composite number?
True
Let m be 3/(-15) - 2/(-10). Suppose -3*n + m*n = 99. Let u = n + 68. Is u a composite number?
True
Let y = 1183 - 704. Is y prime?
True
Let m be 1/(-1) + 0 - 256. Let j = 436 + m. Is j a composite number?
False
Let l be (8/(-6))/((-2)/21). Is 259 + 7/(l/(-4)) composite?
False
Let a = -214 - -437. Is a a prime number?
True
Let u be 3*1*47/1. Let p = u - 16. Let v = p + -28. Is v prime?
True
Let i be 4 - ((5 - 2) + -2). Suppose 4*t - 4*q + 3*q - 205 = 0, -3*t + 140 = 2*q. Suppose -i*j + t = 2*j. Is j a composite number?
True
Let g(p) = p**3 + 9*p**2 + 4*p + 5. Let d(q) = -7*q**3 + 1. Let k be d(1). Is g(k) prime?
True
Let v(o) = o**3 + 9*o**2 + 6*o + 7. Is v(-8) prime?
True
Let w = 793 + -540. Is w prime?
False
Let l(t) be the second derivative of -t**4/12 - 5*t**3/6 + t**2 - 3*t. Let w(y) = y**3 - 4. Let i be w(0). Is l(i) a prime number?
False
Let j(r) = -5*r - 1 - 2 + 4*r + 6. Let b be j(0). Is (-1)/(b/138*-1) a composite number?
True
Let m(r) = 2*r**3 - r**2 + 4*r - 1. Is m(2) a composite number?
False
Let w = 2 - 2. Let b = w - 0. Is (1 + b - 0) + 148 composite?
False
Let v = -6 + 6. Is 3 + 91 - (-3 - v) prime?
True
Let s(q) = -q**3 - q**2 + 251. Is s(0) a prime number?
True
Let c be (4*3)/2 + 1. Suppose c*f - 3*f - 64 = 0. Suppose 5*l + h - 179 = 0, -h - f = -5*h. Is l a composite number?
True
Let w = 58 - -31. Is w composite?
False
Let p(a) = -54*a - 3. Let w(x) = -55*x - 4. Let j(c) = -3*p(c) + 2*w(c). Suppose 0 = -4*i - 20, 2*m + i = -3*m. Is j(m) composite?
False
Let b = -40 + 137. Is b a composite number?
False
Suppose -4*a = -5*k + 2323, 0 = 2*a + 2*k + 1600 - 434. Is (a/18)/(1/(-3)) composite?
False
Is (-338)/(-3) + (-3)/(54/(-6)) composite?
False
Let k = 14126 + -8689. Is k composite?
False
Is (-2)/4 - (-250)/4 composite?
True
Let s(p) = -3*p**2 - 2 - 1 - 2 + 4*p**2 + p. Is s(6) a prime number?
True
Suppose 2*d - 24 = -4*q, -5*q + d - 6*d = -30. Suppose -3*o = -2*x + 21, -q*x + 20 = -x - o. Suppose r = -2*w + 4*r + 254, x*w - 381 = 2*r. Is w a prime number?
True
Suppose 4*i = -i + 15. Suppose -i*t = -4*j - 61, 5*t = -2 + 17. Is (3 - 4)*j*1 a prime number?
True
Let d be 4 - 3 - (9 - 1). Let w(g) = -3*g - 8. Is w(d) a composite number?
False
Let c = 1 + -1. Let d be (-2 - c)*(-3 - -1). Suppose 0 = -l + d, -3*n - 2*l = -0*l - 29. Is n a prime number?
True
Let o be (6/4)/(3/10). Suppose 0 = o*m - 220 - 45. Is m a prime number?
True
Let u = -455 + 778. Is u a prime number?
False
Let i = 13 - 12. Is (i - 15)*(-664)/16 a prime number?
False
Let f = -6 - -125. Is f composite?
True
Let t(p) = 38*p**2 - 5*p - 5. Is t(-2) composite?
False
Suppose 2*l = -3*j + 11455, 3*j - 3*l = -0*l + 11445. Is j a composite number?
True
Suppose 5*l + 6495 = 10*l. Suppose 5*z = 2*n + l, -315 = -z - 2*n - 60. Is z a composite number?
True
Suppose 6*t - 20 = 2*t. Let k = t - -9. Is 6/(-21) - (-1166)/k a prime number?
True
Let x = 107 - -84. Is x composite?
False
Suppose 0 = -4*g - 74 + 246. Is g prime?
True
Let g = 107 + 112. Is g a composite number?
True
Let g(f) = -159*f - 11. Let x be g(-8). Suppose -5*p - 2079 = -5*s - p, -p = 3*s - x. Is s prime?
True
Suppose -3*x - 4*j = -12, -3*x - 4*j = -9*j - 12. Let d = -946 - -355. Is d/(-15) - x/10 a prime number?
False
Let a(h) = h - 89. Let u(w) = -5*w + 444. Let i(p) = -11*a(p) - 2*u(p). Suppose 3*t - 2*g = -3*g - 4, 3*t + 3*g = -12. Is i(t) composite?
True
Suppose 4*c = -4*r - r + 50, c - 25 = 5*r. Is c prime?
False
Let i = -48 + 69. Suppose -4*y + i = 9. Suppose -y*z + 4*z = 31. Is z a composite number?
False
Let v(o) = -o**3 - 17*o**2 - 12*o - 41. Is v(-20) prime?
True
Let s be (-4)/(-12) - 3201/(-9). Suppose 2*g - 5 - 1 = 0, s = z + g. Is z prime?
True
Let i be (-2 - -2) + 2 - 11. Is ((-30)/i)/(3/9) a composite number?
True
Suppose -2*i - 3*r = -7*r - 14, 0 = -i - 4*r - 11. Let k(s) = -s + 1. Let w be k(5). Is (i - -1)/(w/(-190)) composite?
True
Suppose -30 = 5*w + 15. Let l(o) = 4*o**2 + 8*o + 9. Let x(b) = -5*b**2 - 8*b - 8. Let r(c) = 4*l(c) + 3*x(c). Is r(w) a composite number?
True
Suppose 3*m + 109 + 8 = 0. Is 48/(-18)*m/4 composite?
True
Let b be 2387/9 - (-4)/(